{"id":44,"date":"2025-12-18T11:18:43","date_gmt":"2025-12-18T11:18:43","guid":{"rendered":"http:\/\/www.berberhanem.com\/?page_id=44"},"modified":"2026-01-08T08:35:09","modified_gmt":"2026-01-08T08:35:09","slug":"baglica-berberhanem","status":"publish","type":"page","link":"https:\/\/www.berberhanem.com\/?page_id=44","title":{"rendered":"Ba\u011fl\u0131ca-Berberhanem Hakk\u0131m\u0131zda"},"content":{"rendered":"\n<div class=\"wp-block-media-text has-media-on-the-right is-stacked-on-mobile\"><div class=\"wp-block-media-text__content\">\n<p>Ba\u011fl\u0131ca-Berberhanem Usta \u00e7\u0131rak ili\u015fkisi ile ba\u015flad\u0131\u011f\u0131m\u0131z mesle\u011fimize ald\u0131\u011f\u0131m\u0131z gerekli e\u011fitimler ve yeterlilik belgelerimiz ile profesyonel bir ekip olarak kar\u015f\u0131n\u0131zday\u0131z.<br>Berberhanem ismi haklar\u0131n\u0131 alarak son 5 y\u0131ld\u0131r <a href=\"http:\/\/google.com\/maps\/place\/BERBERHANEM+BA\u011eLICA,+BA\u011eLICA+MAHALLES\u0130,+H\u0130LAL+CAD,+1226.+Sk.,+06390+Etimesgut\/Ankara\/@39.8943287,32.6461945,17z\/data=!4m5!3m4!1s0x14d339ff0186e967:0x7283133e65f179a3!8m2!3d39.8943287!4d32.6461945?utm_source=ig&amp;utm_medium=social&amp;utm_content=link_in_bio&amp;fbclid=PAZXh0bgNhZW0CMTEAc3J0YwZhcHBfaWQMMjU2MjgxMDQwNTU4AAGnmSKzR31K4yjz78B1bp4_Zkypi1-yBnEF6A_ryYG65cmB4Dr_XA4eVBsDNvY_aem_NOtUis4UMCfsvZyhthIiaw\">Ba\u011fl\u0131ca&#8217;da<\/a> sizlere hizmet vermekteyiz.<br>Senin Modelin Senin Tarz\u0131n slogan\u0131 ile yapt\u0131\u011f\u0131m\u0131z i\u015fte en iyisi olma hedefinde ilerlemekteyiz.<br>Deneyimlerimiz sayesinde Ankara&#8217;n\u0131n en iyi uzun sa\u00e7 kesen erkek berberi oldu\u011fumuzu iddia ediyoruz.<\/p>\n<\/div><figure class=\"wp-block-media-text__media\"><img loading=\"lazy\" decoding=\"async\" width=\"927\" height=\"923\" src=\"http:\/\/www.berberhanem.com\/wp-content\/uploads\/2026\/01\/cats1.jpg\" alt=\"Ba\u011fl\u0131ca-Berberhanem\n\" class=\"wp-image-108 size-full\" srcset=\"https:\/\/www.berberhanem.com\/wp-content\/uploads\/2026\/01\/cats1.jpg 927w, https:\/\/www.berberhanem.com\/wp-content\/uploads\/2026\/01\/cats1-300x300.jpg 300w, https:\/\/www.berberhanem.com\/wp-content\/uploads\/2026\/01\/cats1-150x150.jpg 150w, https:\/\/www.berberhanem.com\/wp-content\/uploads\/2026\/01\/cats1-768x765.jpg 768w\" sizes=\"auto, (max-width: 927px) 100vw, 927px\" \/><\/figure><\/div>\n\n\n\n<p><\/p>\n","protected":false},"excerpt":{"rendered":"<p>Ba\u011fl\u0131ca-Berberhanem Usta \u00e7\u0131rak ili\u015fkisi ile ba\u015flad\u0131\u011f\u0131m\u0131z mesle\u011fimize ald\u0131\u011f\u0131m\u0131z gerekli e\u011fitimler ve yeterlilik belgelerimiz ile profesyonel bir ekip olarak kar\u015f\u0131n\u0131zday\u0131z.Berberhanem ismi haklar\u0131n\u0131 alarak son 5 y\u0131ld\u0131r Ba\u011fl\u0131ca&#8217;da sizlere hizmet vermekteyiz.Senin Modelin Senin Tarz\u0131n slogan\u0131 ile yapt\u0131\u011f\u0131m\u0131z i\u015fte en iyisi olma hedefinde ilerlemekteyiz.Deneyimlerimiz sayesinde Ankara&#8217;n\u0131n en iyi uzun sa\u00e7 kesen erkek berberi oldu\u011fumuzu iddia ediyoruz.<\/p>\n","protected":false},"author":1,"featured_media":0,"parent":0,"menu_order":0,"comment_status":"closed","ping_status":"closed","template":"","meta":{"footnotes":""},"class_list":["post-44","page","type-page","status-publish","hentry"],"yoast_head":"<!-- This site is optimized with the Yoast SEO plugin v27.2 - https:\/\/yoast.com\/product\/yoast-seo-wordpress\/ -->\n<title>Ba\u011fl\u0131ca-Berberhanem Hakk\u0131m\u0131zda - BERBERHANEM<\/title>\n<meta name=\"description\" content=\"Ba\u011fl\u0131ca-Berberhanem d\u00fckkan\u0131m\u0131zda mesle\u011fimizde ald\u0131\u011f\u0131m\u0131z gerekli e\u011fitimler ve yeterlilik belgeleri ile profesyonel olarak hizmetinizdeyiz.\" \/>\n<meta name=\"robots\" content=\"index, follow, max-snippet:-1, max-image-preview:large, max-video-preview:-1\" \/>\n<link rel=\"canonical\" href=\"http:\/\/www.berberhanem.com\/?page_id=44\" \/>\n<meta property=\"og:locale\" content=\"tr_TR\" \/>\n<meta property=\"og:type\" content=\"article\" \/>\n<meta property=\"og:title\" content=\"Ba\u011fl\u0131ca-Berberhanem Hakk\u0131m\u0131zda - BERBERHANEM\" \/>\n<meta property=\"og:description\" content=\"Ba\u011fl\u0131ca-Berberhanem d\u00fckkan\u0131m\u0131zda mesle\u011fimizde ald\u0131\u011f\u0131m\u0131z gerekli e\u011fitimler ve yeterlilik belgeleri ile profesyonel olarak hizmetinizdeyiz.\" \/>\n<meta property=\"og:url\" content=\"http:\/\/www.berberhanem.com\/?page_id=44\" \/>\n<meta property=\"og:site_name\" content=\"BERBERHANEM\" \/>\n<meta property=\"article:modified_time\" content=\"2026-01-08T08:35:09+00:00\" \/>\n<meta property=\"og:image\" content=\"https:\/\/www.berberhanem.com\/wp-content\/uploads\/2026\/01\/cats1.jpg\" \/>\n\t<meta property=\"og:image:width\" content=\"927\" \/>\n\t<meta property=\"og:image:height\" content=\"923\" \/>\n\t<meta property=\"og:image:type\" content=\"image\/jpeg\" \/>\n<meta name=\"twitter:card\" content=\"summary_large_image\" \/>\n<meta name=\"twitter:label1\" content=\"Tahmini okuma s\u00fcresi\" \/>\n\t<meta name=\"twitter:data1\" content=\"1 dakika\" \/>\n<script type=\"application\/ld+json\" class=\"yoast-schema-graph\">{\"@context\":\"https:\/\/schema.org\",\"@graph\":[{\"@type\":\"WebPage\",\"@id\":\"http:\/\/www.berberhanem.com\/?page_id=44\",\"url\":\"http:\/\/www.berberhanem.com\/?page_id=44\",\"name\":\"Ba\u011fl\u0131ca-Berberhanem Hakk\u0131m\u0131zda - BERBERHANEM\",\"isPartOf\":{\"@id\":\"http:\/\/www.berberhanem.com\/#website\"},\"primaryImageOfPage\":{\"@id\":\"http:\/\/www.berberhanem.com\/?page_id=44#primaryimage\"},\"image\":{\"@id\":\"http:\/\/www.berberhanem.com\/?page_id=44#primaryimage\"},\"thumbnailUrl\":\"http:\/\/www.berberhanem.com\/wp-content\/uploads\/2026\/01\/cats1.jpg\",\"datePublished\":\"2025-12-18T11:18:43+00:00\",\"dateModified\":\"2026-01-08T08:35:09+00:00\",\"description\":\"Ba\u011fl\u0131ca-Berberhanem d\u00fckkan\u0131m\u0131zda mesle\u011fimizde ald\u0131\u011f\u0131m\u0131z gerekli e\u011fitimler ve yeterlilik belgeleri ile profesyonel olarak hizmetinizdeyiz.\",\"breadcrumb\":{\"@id\":\"http:\/\/www.berberhanem.com\/?page_id=44#breadcrumb\"},\"inLanguage\":\"tr\",\"potentialAction\":[{\"@type\":\"ReadAction\",\"target\":[\"http:\/\/www.berberhanem.com\/?page_id=44\"]}]},{\"@type\":\"ImageObject\",\"inLanguage\":\"tr\",\"@id\":\"http:\/\/www.berberhanem.com\/?page_id=44#primaryimage\",\"url\":\"https:\/\/www.berberhanem.com\/wp-content\/uploads\/2026\/01\/cats1.jpg\",\"contentUrl\":\"https:\/\/www.berberhanem.com\/wp-content\/uploads\/2026\/01\/cats1.jpg\",\"width\":927,\"height\":923},{\"@type\":\"BreadcrumbList\",\"@id\":\"http:\/\/www.berberhanem.com\/?page_id=44#breadcrumb\",\"itemListElement\":[{\"@type\":\"ListItem\",\"position\":1,\"name\":\"Anasayfa\",\"item\":\"http:\/\/www.berberhanem.com\/\"},{\"@type\":\"ListItem\",\"position\":2,\"name\":\"Ba\u011fl\u0131ca-Berberhanem Hakk\u0131m\u0131zda\"}]},{\"@type\":\"WebSite\",\"@id\":\"http:\/\/www.berberhanem.com\/#website\",\"url\":\"http:\/\/www.berberhanem.com\/\",\"name\":\"BERBERHANEM\",\"description\":\"SeninTarz\u0131nSeninModelin\",\"publisher\":{\"@id\":\"http:\/\/www.berberhanem.com\/#organization\"},\"potentialAction\":[{\"@type\":\"SearchAction\",\"target\":{\"@type\":\"EntryPoint\",\"urlTemplate\":\"http:\/\/www.berberhanem.com\/?s={search_term_string}\"},\"query-input\":{\"@type\":\"PropertyValueSpecification\",\"valueRequired\":true,\"valueName\":\"search_term_string\"}}],\"inLanguage\":\"tr\"},{\"@type\":\"Organization\",\"@id\":\"http:\/\/www.berberhanem.com\/#organization\",\"name\":\"BERBERHANEM\",\"url\":\"http:\/\/www.berberhanem.com\/\",\"logo\":{\"@type\":\"ImageObject\",\"inLanguage\":\"tr\",\"@id\":\"http:\/\/www.berberhanem.com\/#\/schema\/logo\/image\/\",\"url\":\"https:\/\/www.berberhanem.com\/wp-content\/uploads\/2026\/02\/379274224_1341601259766595_3314754047113243628_n.jpg\",\"contentUrl\":\"https:\/\/www.berberhanem.com\/wp-content\/uploads\/2026\/02\/379274224_1341601259766595_3314754047113243628_n.jpg\",\"width\":640,\"height\":640,\"caption\":\"BERBERHANEM\"},\"image\":{\"@id\":\"http:\/\/www.berberhanem.com\/#\/schema\/logo\/image\/\"},\"sameAs\":[\"https:\/\/www.instagram.com\/berberhanembaglica\/\"]}]}<\/script>\n<!-- \/ Yoast SEO plugin. -->","yoast_head_json":{"title":"Ba\u011fl\u0131ca-Berberhanem Hakk\u0131m\u0131zda - BERBERHANEM","description":"Ba\u011fl\u0131ca-Berberhanem d\u00fckkan\u0131m\u0131zda mesle\u011fimizde ald\u0131\u011f\u0131m\u0131z gerekli e\u011fitimler ve yeterlilik belgeleri ile profesyonel olarak hizmetinizdeyiz.","robots":{"index":"index","follow":"follow","max-snippet":"max-snippet:-1","max-image-preview":"max-image-preview:large","max-video-preview":"max-video-preview:-1"},"canonical":"http:\/\/www.berberhanem.com\/?page_id=44","og_locale":"tr_TR","og_type":"article","og_title":"Ba\u011fl\u0131ca-Berberhanem Hakk\u0131m\u0131zda - BERBERHANEM","og_description":"Ba\u011fl\u0131ca-Berberhanem d\u00fckkan\u0131m\u0131zda mesle\u011fimizde ald\u0131\u011f\u0131m\u0131z gerekli e\u011fitimler ve yeterlilik belgeleri ile profesyonel olarak hizmetinizdeyiz.","og_url":"http:\/\/www.berberhanem.com\/?page_id=44","og_site_name":"BERBERHANEM","article_modified_time":"2026-01-08T08:35:09+00:00","og_image":[{"width":927,"height":923,"url":"https:\/\/www.berberhanem.com\/wp-content\/uploads\/2026\/01\/cats1.jpg","type":"image\/jpeg"}],"twitter_card":"summary_large_image","twitter_misc":{"Tahmini okuma s\u00fcresi":"1 dakika"},"schema":{"@context":"https:\/\/schema.org","@graph":[{"@type":"WebPage","@id":"http:\/\/www.berberhanem.com\/?page_id=44","url":"http:\/\/www.berberhanem.com\/?page_id=44","name":"Ba\u011fl\u0131ca-Berberhanem Hakk\u0131m\u0131zda - BERBERHANEM","isPartOf":{"@id":"http:\/\/www.berberhanem.com\/#website"},"primaryImageOfPage":{"@id":"http:\/\/www.berberhanem.com\/?page_id=44#primaryimage"},"image":{"@id":"http:\/\/www.berberhanem.com\/?page_id=44#primaryimage"},"thumbnailUrl":"http:\/\/www.berberhanem.com\/wp-content\/uploads\/2026\/01\/cats1.jpg","datePublished":"2025-12-18T11:18:43+00:00","dateModified":"2026-01-08T08:35:09+00:00","description":"Ba\u011fl\u0131ca-Berberhanem d\u00fckkan\u0131m\u0131zda mesle\u011fimizde ald\u0131\u011f\u0131m\u0131z gerekli e\u011fitimler ve yeterlilik belgeleri ile profesyonel olarak hizmetinizdeyiz.","breadcrumb":{"@id":"http:\/\/www.berberhanem.com\/?page_id=44#breadcrumb"},"inLanguage":"tr","potentialAction":[{"@type":"ReadAction","target":["http:\/\/www.berberhanem.com\/?page_id=44"]}]},{"@type":"ImageObject","inLanguage":"tr","@id":"http:\/\/www.berberhanem.com\/?page_id=44#primaryimage","url":"https:\/\/www.berberhanem.com\/wp-content\/uploads\/2026\/01\/cats1.jpg","contentUrl":"https:\/\/www.berberhanem.com\/wp-content\/uploads\/2026\/01\/cats1.jpg","width":927,"height":923},{"@type":"BreadcrumbList","@id":"http:\/\/www.berberhanem.com\/?page_id=44#breadcrumb","itemListElement":[{"@type":"ListItem","position":1,"name":"Anasayfa","item":"http:\/\/www.berberhanem.com\/"},{"@type":"ListItem","position":2,"name":"Ba\u011fl\u0131ca-Berberhanem Hakk\u0131m\u0131zda"}]},{"@type":"WebSite","@id":"http:\/\/www.berberhanem.com\/#website","url":"http:\/\/www.berberhanem.com\/","name":"BERBERHANEM","description":"SeninTarz\u0131nSeninModelin","publisher":{"@id":"http:\/\/www.berberhanem.com\/#organization"},"potentialAction":[{"@type":"SearchAction","target":{"@type":"EntryPoint","urlTemplate":"http:\/\/www.berberhanem.com\/?s={search_term_string}"},"query-input":{"@type":"PropertyValueSpecification","valueRequired":true,"valueName":"search_term_string"}}],"inLanguage":"tr"},{"@type":"Organization","@id":"http:\/\/www.berberhanem.com\/#organization","name":"BERBERHANEM","url":"http:\/\/www.berberhanem.com\/","logo":{"@type":"ImageObject","inLanguage":"tr","@id":"http:\/\/www.berberhanem.com\/#\/schema\/logo\/image\/","url":"https:\/\/www.berberhanem.com\/wp-content\/uploads\/2026\/02\/379274224_1341601259766595_3314754047113243628_n.jpg","contentUrl":"https:\/\/www.berberhanem.com\/wp-content\/uploads\/2026\/02\/379274224_1341601259766595_3314754047113243628_n.jpg","width":640,"height":640,"caption":"BERBERHANEM"},"image":{"@id":"http:\/\/www.berberhanem.com\/#\/schema\/logo\/image\/"},"sameAs":["https:\/\/www.instagram.com\/berberhanembaglica\/"]}]}},"_links":{"self":[{"href":"https:\/\/www.berberhanem.com\/index.php?rest_route=\/wp\/v2\/pages\/44","targetHints":{"allow":["GET"]}}],"collection":[{"href":"https:\/\/www.berberhanem.com\/index.php?rest_route=\/wp\/v2\/pages"}],"about":[{"href":"https:\/\/www.berberhanem.com\/index.php?rest_route=\/wp\/v2\/types\/page"}],"author":[{"embeddable":true,"href":"https:\/\/www.berberhanem.com\/index.php?rest_route=\/wp\/v2\/users\/1"}],"replies":[{"embeddable":true,"href":"https:\/\/www.berberhanem.com\/index.php?rest_route=%2Fwp%2Fv2%2Fcomments&post=44"}],"version-history":[{"count":2,"href":"https:\/\/www.berberhanem.com\/index.php?rest_route=\/wp\/v2\/pages\/44\/revisions"}],"predecessor-version":[{"id":109,"href":"https:\/\/www.berberhanem.com\/index.php?rest_route=\/wp\/v2\/pages\/44\/revisions\/109"}],"wp:attachment":[{"href":"https:\/\/www.berberhanem.com\/index.php?rest_route=%2Fwp%2Fv2%2Fmedia&parent=44"}],"curies":[{"name":"wp","href":"https:\/\/api.w.org\/{rel}","templated":true}]}}