{"id":263,"date":"2026-03-26T10:01:28","date_gmt":"2026-03-26T10:01:28","guid":{"rendered":"https:\/\/www.berberhanem.com\/?page_id=263"},"modified":"2026-03-26T10:15:17","modified_gmt":"2026-03-26T10:15:17","slug":"sac-trasi","status":"publish","type":"page","link":"https:\/\/www.berberhanem.com\/?page_id=263","title":{"rendered":"sa\u00e7 tra\u015f\u0131"},"content":{"rendered":"\n<div class=\"wp-block-group is-layout-grid wp-container-core-group-is-layout-478b6e6b wp-block-group-is-layout-grid\">\n<figure class=\"wp-block-image size-full\"><img loading=\"lazy\" decoding=\"async\" width=\"463\" height=\"691\" src=\"http:\/\/www.berberhanem.com\/wp-content\/uploads\/2026\/01\/cats8.jpg\" alt=\"\" class=\"wp-image-140\" srcset=\"https:\/\/www.berberhanem.com\/wp-content\/uploads\/2026\/01\/cats8.jpg 463w, https:\/\/www.berberhanem.com\/wp-content\/uploads\/2026\/01\/cats8-201x300.jpg 201w\" sizes=\"auto, (max-width: 463px) 100vw, 463px\" \/><\/figure>\n\n\n\n<figure class=\"wp-block-image size-full\"><img loading=\"lazy\" decoding=\"async\" width=\"520\" height=\"689\" src=\"http:\/\/www.berberhanem.com\/wp-content\/uploads\/2026\/01\/cats7.jpg\" alt=\"\" class=\"wp-image-139\" srcset=\"https:\/\/www.berberhanem.com\/wp-content\/uploads\/2026\/01\/cats7.jpg 520w, https:\/\/www.berberhanem.com\/wp-content\/uploads\/2026\/01\/cats7-226x300.jpg 226w\" sizes=\"auto, (max-width: 520px) 100vw, 520px\" \/><\/figure>\n\n\n\n<figure class=\"wp-block-image size-full\"><img loading=\"lazy\" decoding=\"async\" width=\"511\" height=\"795\" src=\"http:\/\/www.berberhanem.com\/wp-content\/uploads\/2026\/01\/cats2.jpg\" alt=\"\" class=\"wp-image-133\" srcset=\"https:\/\/www.berberhanem.com\/wp-content\/uploads\/2026\/01\/cats2.jpg 511w, https:\/\/www.berberhanem.com\/wp-content\/uploads\/2026\/01\/cats2-193x300.jpg 193w\" sizes=\"auto, (max-width: 511px) 100vw, 511px\" \/><\/figure>\n\n\n\n<figure class=\"wp-block-image size-full\"><img loading=\"lazy\" decoding=\"async\" width=\"520\" height=\"739\" src=\"http:\/\/www.berberhanem.com\/wp-content\/uploads\/2025\/11\/cats-13.jpg\" alt=\"\" class=\"wp-image-94\" srcset=\"https:\/\/www.berberhanem.com\/wp-content\/uploads\/2025\/11\/cats-13.jpg 520w, https:\/\/www.berberhanem.com\/wp-content\/uploads\/2025\/11\/cats-13-211x300.jpg 211w\" sizes=\"auto, (max-width: 520px) 100vw, 520px\" \/><\/figure>\n\n\n\n<figure class=\"wp-block-image size-full\"><img loading=\"lazy\" decoding=\"async\" width=\"523\" height=\"767\" src=\"http:\/\/www.berberhanem.com\/wp-content\/uploads\/2026\/01\/cats5.jpg\" alt=\"\" class=\"wp-image-137\" srcset=\"https:\/\/www.berberhanem.com\/wp-content\/uploads\/2026\/01\/cats5.jpg 523w, https:\/\/www.berberhanem.com\/wp-content\/uploads\/2026\/01\/cats5-205x300.jpg 205w\" sizes=\"auto, (max-width: 523px) 100vw, 523px\" \/><\/figure>\n<\/div>\n","protected":false},"excerpt":{"rendered":"","protected":false},"author":1,"featured_media":0,"parent":0,"menu_order":0,"comment_status":"closed","ping_status":"closed","template":"","meta":{"footnotes":""},"class_list":["post-263","page","type-page","status-publish","hentry"],"yoast_head":"<!-- This site is optimized with the Yoast SEO plugin v27.5 - https:\/\/yoast.com\/product\/yoast-seo-wordpress\/ -->\n<title>sa\u00e7 tra\u015f\u0131 - BERBERHANEM<\/title>\n<meta name=\"robots\" content=\"index, follow, max-snippet:-1, max-image-preview:large, max-video-preview:-1\" \/>\n<link rel=\"canonical\" href=\"https:\/\/www.berberhanem.com\/?page_id=263\" \/>\n<meta property=\"og:locale\" content=\"tr_TR\" \/>\n<meta property=\"og:type\" content=\"article\" \/>\n<meta property=\"og:title\" content=\"sa\u00e7 tra\u015f\u0131 - BERBERHANEM\" \/>\n<meta property=\"og:url\" content=\"https:\/\/www.berberhanem.com\/?page_id=263\" \/>\n<meta property=\"og:site_name\" content=\"BERBERHANEM\" \/>\n<meta property=\"article:modified_time\" content=\"2026-03-26T10:15:17+00:00\" \/>\n<meta property=\"og:image\" content=\"https:\/\/www.berberhanem.com\/wp-content\/uploads\/2026\/01\/cats8.jpg\" \/>\n\t<meta property=\"og:image:width\" content=\"463\" \/>\n\t<meta property=\"og:image:height\" content=\"691\" \/>\n\t<meta property=\"og:image:type\" content=\"image\/jpeg\" \/>\n<meta name=\"twitter:card\" content=\"summary_large_image\" \/>\n<meta name=\"twitter:label1\" content=\"Tahmini okuma s\u00fcresi\" \/>\n\t<meta name=\"twitter:data1\" content=\"1 dakika\" \/>\n<script type=\"application\/ld+json\" class=\"yoast-schema-graph\">{\"@context\":\"https:\\\/\\\/schema.org\",\"@graph\":[{\"@type\":\"WebPage\",\"@id\":\"https:\\\/\\\/www.berberhanem.com\\\/?page_id=263\",\"url\":\"https:\\\/\\\/www.berberhanem.com\\\/?page_id=263\",\"name\":\"sa\u00e7 tra\u015f\u0131 - BERBERHANEM\",\"isPartOf\":{\"@id\":\"http:\\\/\\\/www.berberhanem.com\\\/#website\"},\"primaryImageOfPage\":{\"@id\":\"https:\\\/\\\/www.berberhanem.com\\\/?page_id=263#primaryimage\"},\"image\":{\"@id\":\"https:\\\/\\\/www.berberhanem.com\\\/?page_id=263#primaryimage\"},\"thumbnailUrl\":\"http:\\\/\\\/www.berberhanem.com\\\/wp-content\\\/uploads\\\/2026\\\/01\\\/cats8.jpg\",\"datePublished\":\"2026-03-26T10:01:28+00:00\",\"dateModified\":\"2026-03-26T10:15:17+00:00\",\"breadcrumb\":{\"@id\":\"https:\\\/\\\/www.berberhanem.com\\\/?page_id=263#breadcrumb\"},\"inLanguage\":\"tr\",\"potentialAction\":[{\"@type\":\"ReadAction\",\"target\":[\"https:\\\/\\\/www.berberhanem.com\\\/?page_id=263\"]}]},{\"@type\":\"ImageObject\",\"inLanguage\":\"tr\",\"@id\":\"https:\\\/\\\/www.berberhanem.com\\\/?page_id=263#primaryimage\",\"url\":\"https:\\\/\\\/www.berberhanem.com\\\/wp-content\\\/uploads\\\/2026\\\/01\\\/cats8.jpg\",\"contentUrl\":\"https:\\\/\\\/www.berberhanem.com\\\/wp-content\\\/uploads\\\/2026\\\/01\\\/cats8.jpg\",\"width\":463,\"height\":691},{\"@type\":\"BreadcrumbList\",\"@id\":\"https:\\\/\\\/www.berberhanem.com\\\/?page_id=263#breadcrumb\",\"itemListElement\":[{\"@type\":\"ListItem\",\"position\":1,\"name\":\"Anasayfa\",\"item\":\"http:\\\/\\\/www.berberhanem.com\\\/\"},{\"@type\":\"ListItem\",\"position\":2,\"name\":\"sa\u00e7 tra\u015f\u0131\"}]},{\"@type\":\"WebSite\",\"@id\":\"http:\\\/\\\/www.berberhanem.com\\\/#website\",\"url\":\"http:\\\/\\\/www.berberhanem.com\\\/\",\"name\":\"BERBERHANEM\",\"description\":\"SeninTarz\u0131nSeninModelin\",\"publisher\":{\"@id\":\"http:\\\/\\\/www.berberhanem.com\\\/#organization\"},\"potentialAction\":[{\"@type\":\"SearchAction\",\"target\":{\"@type\":\"EntryPoint\",\"urlTemplate\":\"http:\\\/\\\/www.berberhanem.com\\\/?s={search_term_string}\"},\"query-input\":{\"@type\":\"PropertyValueSpecification\",\"valueRequired\":true,\"valueName\":\"search_term_string\"}}],\"inLanguage\":\"tr\"},{\"@type\":\"Organization\",\"@id\":\"http:\\\/\\\/www.berberhanem.com\\\/#organization\",\"name\":\"BERBERHANEM\",\"url\":\"http:\\\/\\\/www.berberhanem.com\\\/\",\"logo\":{\"@type\":\"ImageObject\",\"inLanguage\":\"tr\",\"@id\":\"http:\\\/\\\/www.berberhanem.com\\\/#\\\/schema\\\/logo\\\/image\\\/\",\"url\":\"https:\\\/\\\/www.berberhanem.com\\\/wp-content\\\/uploads\\\/2026\\\/02\\\/379274224_1341601259766595_3314754047113243628_n.jpg\",\"contentUrl\":\"https:\\\/\\\/www.berberhanem.com\\\/wp-content\\\/uploads\\\/2026\\\/02\\\/379274224_1341601259766595_3314754047113243628_n.jpg\",\"width\":640,\"height\":640,\"caption\":\"BERBERHANEM\"},\"image\":{\"@id\":\"http:\\\/\\\/www.berberhanem.com\\\/#\\\/schema\\\/logo\\\/image\\\/\"},\"sameAs\":[\"https:\\\/\\\/www.instagram.com\\\/berberhanembaglica\\\/\"]}]}<\/script>\n<!-- \/ Yoast SEO plugin. -->","yoast_head_json":{"title":"sa\u00e7 tra\u015f\u0131 - BERBERHANEM","robots":{"index":"index","follow":"follow","max-snippet":"max-snippet:-1","max-image-preview":"max-image-preview:large","max-video-preview":"max-video-preview:-1"},"canonical":"https:\/\/www.berberhanem.com\/?page_id=263","og_locale":"tr_TR","og_type":"article","og_title":"sa\u00e7 tra\u015f\u0131 - BERBERHANEM","og_url":"https:\/\/www.berberhanem.com\/?page_id=263","og_site_name":"BERBERHANEM","article_modified_time":"2026-03-26T10:15:17+00:00","og_image":[{"width":463,"height":691,"url":"https:\/\/www.berberhanem.com\/wp-content\/uploads\/2026\/01\/cats8.jpg","type":"image\/jpeg"}],"twitter_card":"summary_large_image","twitter_misc":{"Tahmini okuma s\u00fcresi":"1 dakika"},"schema":{"@context":"https:\/\/schema.org","@graph":[{"@type":"WebPage","@id":"https:\/\/www.berberhanem.com\/?page_id=263","url":"https:\/\/www.berberhanem.com\/?page_id=263","name":"sa\u00e7 tra\u015f\u0131 - BERBERHANEM","isPartOf":{"@id":"http:\/\/www.berberhanem.com\/#website"},"primaryImageOfPage":{"@id":"https:\/\/www.berberhanem.com\/?page_id=263#primaryimage"},"image":{"@id":"https:\/\/www.berberhanem.com\/?page_id=263#primaryimage"},"thumbnailUrl":"http:\/\/www.berberhanem.com\/wp-content\/uploads\/2026\/01\/cats8.jpg","datePublished":"2026-03-26T10:01:28+00:00","dateModified":"2026-03-26T10:15:17+00:00","breadcrumb":{"@id":"https:\/\/www.berberhanem.com\/?page_id=263#breadcrumb"},"inLanguage":"tr","potentialAction":[{"@type":"ReadAction","target":["https:\/\/www.berberhanem.com\/?page_id=263"]}]},{"@type":"ImageObject","inLanguage":"tr","@id":"https:\/\/www.berberhanem.com\/?page_id=263#primaryimage","url":"https:\/\/www.berberhanem.com\/wp-content\/uploads\/2026\/01\/cats8.jpg","contentUrl":"https:\/\/www.berberhanem.com\/wp-content\/uploads\/2026\/01\/cats8.jpg","width":463,"height":691},{"@type":"BreadcrumbList","@id":"https:\/\/www.berberhanem.com\/?page_id=263#breadcrumb","itemListElement":[{"@type":"ListItem","position":1,"name":"Anasayfa","item":"http:\/\/www.berberhanem.com\/"},{"@type":"ListItem","position":2,"name":"sa\u00e7 tra\u015f\u0131"}]},{"@type":"WebSite","@id":"http:\/\/www.berberhanem.com\/#website","url":"http:\/\/www.berberhanem.com\/","name":"BERBERHANEM","description":"SeninTarz\u0131nSeninModelin","publisher":{"@id":"http:\/\/www.berberhanem.com\/#organization"},"potentialAction":[{"@type":"SearchAction","target":{"@type":"EntryPoint","urlTemplate":"http:\/\/www.berberhanem.com\/?s={search_term_string}"},"query-input":{"@type":"PropertyValueSpecification","valueRequired":true,"valueName":"search_term_string"}}],"inLanguage":"tr"},{"@type":"Organization","@id":"http:\/\/www.berberhanem.com\/#organization","name":"BERBERHANEM","url":"http:\/\/www.berberhanem.com\/","logo":{"@type":"ImageObject","inLanguage":"tr","@id":"http:\/\/www.berberhanem.com\/#\/schema\/logo\/image\/","url":"https:\/\/www.berberhanem.com\/wp-content\/uploads\/2026\/02\/379274224_1341601259766595_3314754047113243628_n.jpg","contentUrl":"https:\/\/www.berberhanem.com\/wp-content\/uploads\/2026\/02\/379274224_1341601259766595_3314754047113243628_n.jpg","width":640,"height":640,"caption":"BERBERHANEM"},"image":{"@id":"http:\/\/www.berberhanem.com\/#\/schema\/logo\/image\/"},"sameAs":["https:\/\/www.instagram.com\/berberhanembaglica\/"]}]}},"_links":{"self":[{"href":"https:\/\/www.berberhanem.com\/index.php?rest_route=\/wp\/v2\/pages\/263","targetHints":{"allow":["GET"]}}],"collection":[{"href":"https:\/\/www.berberhanem.com\/index.php?rest_route=\/wp\/v2\/pages"}],"about":[{"href":"https:\/\/www.berberhanem.com\/index.php?rest_route=\/wp\/v2\/types\/page"}],"author":[{"embeddable":true,"href":"https:\/\/www.berberhanem.com\/index.php?rest_route=\/wp\/v2\/users\/1"}],"replies":[{"embeddable":true,"href":"https:\/\/www.berberhanem.com\/index.php?rest_route=%2Fwp%2Fv2%2Fcomments&post=263"}],"version-history":[{"count":2,"href":"https:\/\/www.berberhanem.com\/index.php?rest_route=\/wp\/v2\/pages\/263\/revisions"}],"predecessor-version":[{"id":275,"href":"https:\/\/www.berberhanem.com\/index.php?rest_route=\/wp\/v2\/pages\/263\/revisions\/275"}],"wp:attachment":[{"href":"https:\/\/www.berberhanem.com\/index.php?rest_route=%2Fwp%2Fv2%2Fmedia&parent=263"}],"curies":[{"name":"wp","href":"https:\/\/api.w.org\/{rel}","templated":true}]}}